divided by 1338.
329
What is the remainder when 5387 is divided by 597?
14
Calculate the remainder when 21042 is divided by 144.
18
Calculate the remainder when 62052 is divided by 212.
148
Calculate the remainder when 93545 is divided by 495.
485
What is the remainder when 778 is divided by 645?
133
Calculate the remainder when 15926 is divided by 27.
23
Calculate the remainder when 10700 is divided by 46.
28
What is the remainder when 31192 is divided by 240?
232
Calculate the remainder when 66464 is divided by 199.
197
What is the remainder when 310964 is divided by 4573?
0
Calculate the remainder when 19955 is divided by 150.
5
Calculate the remainder when 1129175 is divided by 505.
500
What is the remainder when 669 is divided by 539?
130
Calculate the remainder when 207356 is divided by 31.
28
Calculate the remainder when 70399 is divided by 11.
10
Calculate the remainder when 4714442 is divided by 783.
782
What is the remainder when 172276 is divided by 721?
678
What is the remainder when 632715 is divided by 3420?
15
What is the remainder when 707 is divided by 379?
328
What is the remainder when 4984 is divided by 1181?
260
What is the remainder when 119854 is divided by 22?
20
Calculate the remainder when 43231 is divided by 2058.
13
Calculate the remainder when 1740 is divided by 237.
81
Calculate the remainder when 12101 is divided by 538.
265
What is the remainder when 271 is divided by 208?
63
What is the remainder when 506477 is divided by 12?
5
Calculate the remainder when 24778 is divided by 12332.
114
What is the remainder when 504502 is divided by 91?
89
What is the remainder when 12361 is divided by 1606?
1119
What is the remainder when 325783 is divided by 1172?
1139
What is the remainder when 2725 is divided by 2701?
24
What is the remainder when 144795 is divided by 48255?
30
Calculate the remainder when 52178 is divided by 108.
14
Calculate the remainder when 17992 is divided by 494.
208
Calculate the remainder when 90449 is divided by 90446.
3
What is the remainder when 27642 is divided by 291?
288
What is the remainder when 4210 is divided by 52?
50
What is the remainder when 35301 is divided by 569?
23
What is the remainder when 102530 is divided by 28?
22
Calculate the remainder when 314615 is divided by 52435.
5
Calculate the remainder when 57060 is divided by 23.
20
What is the remainder when 7405 is divided by 494?
489
Calculate the remainder when 44512 is divided by 146.
128
What is the remainder when 46 is divided by 33?
13
What is the remainder when 14582 is divided by 4797?
191
What is the remainder when 1100260 is divided by 3236?
20
What is the remainder when 2121 is divided by 424?
1
What is the remainder when 13869 is divided by 404?
133
What is the remainder when 873 is divided by 157?
88
Calculate the remainder when 24861 is divided by 74.
71
Calculate the remainder when 3285 is divided by 47.
42
What is the remainder when 6552 is divided by 69?
66
What is the remainder when 19645 is divided by 6523?
76
What is the remainder when 982 is divided by 230?
62
What is the remainder when 2832 is divided by 4?
0
What is the remainder when 341087 is divided by 6?
5
Calculate the remainder when 1226770 is divided by 17.
16
Calculate the remainder when 111121 is divided by 13.
10
What is the remainder when 54499 is divided by 545?
544
Calculate the remainder when 3344 is divided by 761.
300
Calculate the remainder when 9758 is divided by 212.
6
What is the remainder when 10894 is divided by 544?
14
What is the remainder when 13786 is divided by 269?
67
Calculate the remainder when 14963 is divided by 348.
347
What is the remainder when 6170 is divided by 6166?
4
What is the remainder when 204 is divided by 117?
87
What is the remainder when 334465 is divided by 321?
304
Calculate the remainder when 4477 is divided by 53.
25
What is the remainder when 425 is divided by 113?
86
Calculate the remainder when 65471 is divided by 281.
279
What is the remainder when 410108 is divided by 52?
36
Calculate the remainder when 49472 is divided by 106.
76
Calculate the remainder when 20249 is divided by 122.
119
Calculate the remainder when 232471 is divided by 238.
183
What is the remainder when 144806 is divided by 43?
25
Calculate the remainder when 7004 is divided by 189.
11
What is the remainder when 192592 is divided by 15?
7
What is the remainder when 6447 is divided by 391?
191
Calculate the remainder when 594 is divided by 5.
4
Calculate the remainder when 31304 is divided by 4453.
133
What is the remainder when 971199 is divided by 194236?
19
What is the remainder when 577 is divided by 61?
28
Calculate the remainder when 1469 is divided by 113.
0
What is the remainder when 5604 is divided by 1855?
39
What is the remainder when 164098 is divided by 612?
82
What is the remainder when 8960 is divided by 1147?
931
What is the remainder when 2288 is divided by 327?
326
Calculate the remainder when 16310 is divided by 320.
310
Calculate the remainder when 44774 is divided by 116.
114
Calculate the remainder when 4162 is divided by 17.
14
What is the remainder when 9709 is divided by 13?
11
What is the remainder when 12542 is divided by 122?
98
What is the remainder when 8396 is divided by 2084?
60
What is the remainder when 23697 is divided by 790?
787
What is the remainder when 672046 is divided by 16?
14
Calculate the remainder when 87504 is divided by 35.
4
Calculate the remainder when 13692 is divided by 25.
17
What is the remainder when 24740 is divided by 2924?
1348
What is the remainder when 948 is divided by 353?
242
What is the remainder when 17351 is divided by 158?
129
What is the remainder when 44260 is divided by 121?
95
Calculate the remainder when 40715 is divided by 3.
2
Calculate the remainder when 178869 is divided by 375.
369
Calculate the remainder when 1255 is divided by 157.
156
Calculate the remainder when 197172 is divided by 65721.
9
Calculate the remainder when 78503 is divided by 157.
3
What is the remainder when 187796 is divided by 652?
20
Calculate the remainder when 19673 is divided by 57.
8
What is the remainder when 18781 is divided by 6242?
55
What is the remainder when 1789 is divided by 280?
109
What is the remainder when 336034 is divided by 16801?
14
What is the remainder when 222073 is divided by 15?
13
What is the remainder when 4093 is divided by 40?
13
What is the remainder when 4183 is divided by 928?
471
What is the remainder when 400232 is divided by 89?
88
Calculate the remainder when 12189 is divided by 2420.
89
What is the remainder when 4258 is divided by 426?
424
What is the remainder when 46758 is divided by 36?
30
Calculate the remainder when 32100 is divided by 886.
204
What is the remainder when 18823 is divided by 860?
763
Calculate the remainder when 130677 is divided by 270.
267
Calculate the remainder when 20437 is divided by 37.
13
What is the remainder when 1127 is divided by 529?
69
What is the remainder when 7283 is divided by 25?
8
What is the remainder when 367 is divided by 100?
67
Calculate the remainder when 2673 is divided by 665.
13
What is the remainder when 581678 is divided by 9?
8
Calculate the remainder when 87371 is divided by 117.
89
Calculate the remainder when 96953 is divided by 303.
296
Calculate the remainder when 36808 is divided by 6.
4
What is the remainder when 164146 is divided by 109?
101
What is the remainder when 195597 is divided by 117?
90
Calculate the remainder when 964 is divided by 809.
155
Calculate the remainder when 36972 is divided by 29.
26
What is the remainder when 12418 is divided by 199?
80
Calculate the remainder when 16550 is divided by 501.
17
Calculate the remainder when 2759 is divided by 46.
45
Calculate the remainder when 1368 is divided by 225.
18
What is the remainder when 21621 is divided by 2401?
12
What is the remainder when 700 is divided by 275?
150
What is the remainder when 4676 is divided by 6?
2
Calculate the remainder when 462 is divided by 155.
152
What is the remainder when 3424 is divided by 1095?
139
What is the remainder when 179691 is divided by 55?
6
What is the remainder when 809147 is divided by 202283?
15
What is the remainder when 2976 is divided by 254?
182
What is the remainder when